{"id":13507,"date":"2026-04-04T20:26:47","date_gmt":"2026-04-04T18:26:47","guid":{"rendered":"https:\/\/loswiebodzice.net\/webn\/?page_id=13507"},"modified":"2026-04-04T20:26:47","modified_gmt":"2026-04-04T18:26:47","slug":"dokumenty-rekrutacyjne","status":"publish","type":"page","link":"https:\/\/loswiebodzice.net\/webn\/?page_id=13507","title":{"rendered":"Dokumenty rekrutacyjne"},"content":{"rendered":"<p><h5>REKRUTACJA<\/h5>Zawiera: 4 plik\u00f3w<\/p>\r\n<table>\r\n<tbody>\r\n<tr>\r\n<td>Nazwa<\/td>\r\n<td>Rozmiar<\/td>\r\n<td>Data modyfikacji<\/td>\r\n<\/tr><h2 id=\"downloadcat-5\"><\/h2><\/tr>\r\n<tr>\r\n<td style=\"text-align: left;\"><img decoding=\"async\" src=\"https:\/\/loswiebodzice.net\/webn\/wp-content\/plugins\/wp-downloadmanager\/images\/ext\/pdf.gif\" alt=\"\" title=\"\" style=\"vertical-align: middle;\" \/>&nbsp;&nbsp;<strong><a href=\"https:\/\/loswiebodzice.net\/webn\/?dl_id=336\">Zarz\u0105dzenie nr 1 DKO w sprawie termin\u00f3w przeprowadzania post\u0119powania rekrutacyjnego<\/a><\/strong><\/td>\r\n<td>66,2 KiB<\/td>\r\n<td>25 lutego 2026<\/td>\r\n<\/tr><\/tr>\r\n<tr>\r\n<td style=\"text-align: left;\"><img decoding=\"async\" src=\"https:\/\/loswiebodzice.net\/webn\/wp-content\/plugins\/wp-downloadmanager\/images\/ext\/pdf.gif\" alt=\"\" title=\"\" style=\"vertical-align: middle;\" \/>&nbsp;&nbsp;<strong><a href=\"https:\/\/loswiebodzice.net\/webn\/?dl_id=338\">Zarz\u0105dzenie Nr 5<\/a><\/strong><\/td>\r\n<td>288,8 KiB<\/td>\r\n<td>25 lutego 2026<\/td>\r\n<\/tr><\/tr>\r\n<tr>\r\n<td style=\"text-align: left;\"><img decoding=\"async\" src=\"https:\/\/loswiebodzice.net\/webn\/wp-content\/plugins\/wp-downloadmanager\/images\/ext\/pdf.gif\" alt=\"\" title=\"\" style=\"vertical-align: middle;\" \/>&nbsp;&nbsp;<strong><a href=\"https:\/\/loswiebodzice.net\/webn\/?dl_id=342\">ZASADY I TRYB REKRUTACJI DO KLAS PIERWSZYCH<\/a><\/strong><\/td>\r\n<td>291,7 KiB<\/td>\r\n<td>4 kwietnia 2026<\/td>\r\n<\/tr><\/tr>\r\n<tr>\r\n<td style=\"text-align: left;\"><img decoding=\"async\" src=\"https:\/\/loswiebodzice.net\/webn\/wp-content\/plugins\/wp-downloadmanager\/images\/ext\/pdf.gif\" alt=\"\" title=\"\" style=\"vertical-align: middle;\" \/>&nbsp;&nbsp;<strong><a href=\"https:\/\/loswiebodzice.net\/webn\/?dl_id=337\">Za\u0142\u0105cznik nr 1 do Zarz\u0105dzenia Dolno\u015bl\u0105skiego Kuratora O\u015bwiaty nr 1 z dnia 26 stycznia 2026 r.<\/a><\/strong><\/td>\r\n<td>286,5 KiB<\/td>\r\n<td>25 lutego 2026<\/td>\r\n<\/tr><\/tbody>\r\n<\/table>\n","protected":false},"excerpt":{"rendered":"","protected":false},"author":1,"featured_media":0,"parent":0,"menu_order":0,"comment_status":"closed","ping_status":"closed","template":"","meta":{"footnotes":"","_links_to":"","_links_to_target":""},"class_list":["post-13507","page","type-page","status-publish","hentry"],"_links":{"self":[{"href":"https:\/\/loswiebodzice.net\/webn\/index.php?rest_route=\/wp\/v2\/pages\/13507","targetHints":{"allow":["GET"]}}],"collection":[{"href":"https:\/\/loswiebodzice.net\/webn\/index.php?rest_route=\/wp\/v2\/pages"}],"about":[{"href":"https:\/\/loswiebodzice.net\/webn\/index.php?rest_route=\/wp\/v2\/types\/page"}],"author":[{"embeddable":true,"href":"https:\/\/loswiebodzice.net\/webn\/index.php?rest_route=\/wp\/v2\/users\/1"}],"replies":[{"embeddable":true,"href":"https:\/\/loswiebodzice.net\/webn\/index.php?rest_route=%2Fwp%2Fv2%2Fcomments&post=13507"}],"version-history":[{"count":6,"href":"https:\/\/loswiebodzice.net\/webn\/index.php?rest_route=\/wp\/v2\/pages\/13507\/revisions"}],"predecessor-version":[{"id":13513,"href":"https:\/\/loswiebodzice.net\/webn\/index.php?rest_route=\/wp\/v2\/pages\/13507\/revisions\/13513"}],"wp:attachment":[{"href":"https:\/\/loswiebodzice.net\/webn\/index.php?rest_route=%2Fwp%2Fv2%2Fmedia&parent=13507"}],"curies":[{"name":"wp","href":"https:\/\/api.w.org\/{rel}","templated":true}]}}