{"id":14,"date":"2014-10-02T21:03:50","date_gmt":"2014-10-02T19:03:50","guid":{"rendered":"http:\/\/loswiebodzice.net\/webn\/?page_id=14"},"modified":"2014-10-02T22:22:02","modified_gmt":"2014-10-02T20:22:02","slug":"14-2","status":"publish","type":"page","link":"https:\/\/loswiebodzice.net\/webn\/?page_id=14","title":{"rendered":"Lista lektur"},"content":{"rendered":"<div class=\"art-article\">Podany spis lektur pochodzi ze strony www.cke.edu.pl (informatory o egzaminie maturalnym od 2008 r.). Zestaw nale\u017cy por\u00f3wna\u0107 z &#8222;Rozporz\u0105dzeniem Ministra Edukacji Narodowej z dnia 29 VII 2008 r . zmieniaj\u0105cego rozporz\u0105dzenie w sprawie podstawy programowej wychowania przedszkolnego oraz kszta\u0142cenia og\u00f3lnego w poszczeg\u00f3lnych typach szk\u00f3\u0142&#8221; (DzU Nr 159 poz. 992.)&#8221;&#8230;tematy wypracowa\u0144 na egzaminie pisemnym b\u0119d\u0105 formu\u0142owane na podstawie Standard\u00f3w wymaga\u0144 egzaminacyjnych, w zwi\u0105zku z nast\u0119puj\u0105cymi utworami:<\/p>\n<p><strong>na poziomie podstawowym<\/strong><\/p>\n<p>1. literatura polska<\/p>\n<ul>\n<li><i>Bogurodzica<\/i> w kontek\u015bcie poezji \u015bredniowiecznej<\/li>\n<li>Jan Kochanowski &#8211; fraszki (od 2009 r.), pie\u015bni i treny (wyb\u00f3r)<\/li>\n<li>Jan Andrzej Morsztyn &#8211; wyb\u00f3r wierszy<\/li>\n<li>Daniel Naborowski &#8211; wyb\u00f3r wierszy<\/li>\n<li>Wac\u0142aw Potocki &#8211; wyb\u00f3r wierszy<\/li>\n<li>Ignacy Krasicki &#8211; bajki (od 2009 r.), satyry (wyb\u00f3r), <i>Hymn do mi\u0142o\u015bci ojczyzny<\/i><\/li>\n<li>Adam Mickiewicz &#8211; <i>Romantyczno\u015b\u0107<\/i> (od 2009 r.)<\/li>\n<li>Adam Mickiewicz <i>Pan Tadeusz<\/i><\/li>\n<li>Adam Mickiewicz <i>Dziady cz. III<\/i><\/li>\n<li>Juliusz S\u0142owacki <i>Kordian<\/i>: akt I, akt II, akt III sc. 5 i 6<\/li>\n<li>Zygmunt Krasi\u0144ski <i>Nie-Boska komedia<\/i>: cz\u0119\u015b\u0107 I, cz\u0119\u015b\u0107 III (scena w obozie rewolucji), cz\u0119\u015b\u0107 IV (scena w obozie arystokracji i scena fina\u0142owa)<\/li>\n<li>Adam Mickiewicz &#8211; wyb\u00f3r wierszy<\/li>\n<li>Juliusz S\u0142owacki &#8211; wyb\u00f3r wierszy<\/li>\n<li>Cyprian Kamil Norwid &#8211; wyb\u00f3r wierszy<\/li>\n<li>Boles\u0142aw Prus <i>Lalka<\/i><\/li>\n<li>Eliza Orzeszkowa <i>Nad Niemnem<\/i> &#8211; fragmenty z tomu III: rozmowa Andrzejowej Korczy\u0144skiej z synem, rozmowa Benedykta Korczy\u0144skiego z synem<\/li>\n<li>Eliza Orzeszkowa <i>Gloria victis<\/i><\/li>\n<li>Maria Konopnicka <i>Mendel Gda\u0144ski<\/i><\/li>\n<li>Boles\u0142aw Prus <i>Kamizelka<\/i><\/li>\n<li>Henryk Sienkiewicz <i>Potop<\/i>, <i>Quo vadis<\/i> (od 2009 r.)<\/li>\n<li>Kazimierz Przerwa-Tetmajer &#8211; wyb\u00f3r wierszy<\/li>\n<li>Jan Kasprowicz &#8211; wyb\u00f3r wierszy<\/li>\n<li>Leopold Staff &#8211; wyb\u00f3r wierszy z r\u00f3\u017cnych epok<\/li>\n<li>Stanis\u0142aw Wyspia\u0144ski <i>Wesele<\/i><\/li>\n<li>W\u0142adys\u0142aw Stanis\u0142aw Reymont <i>Ch\u0142opi<\/i> (t. I)<\/li>\n<li>Stefan \u017beromski <i>Ludzie bezdomni<\/i><\/li>\n<li>Stefan \u017beromski <i>Przedwio\u015bnie<\/i><\/li>\n<li>Witold Gombrowicz <i>Ferdydurke<\/i> &#8211; rozdz. II, III, VI, VII, VIII, IX, X, XII, XIV<\/li>\n<li>Zofia Na\u0142kowska <i>Granica<\/i><\/li>\n<li>Tadeusz Borowski <i>Po\u017cegnanie z Mari\u0105<\/i> (Po\u017cegnanie z Mari\u0105, U nas, w Auschwitzu &#8230;, Prosz\u0119 pa\u0144stwa do gazu, Bitwa pod Grunwaldem)<\/li>\n<li>Gustaw Herling-Grudzi\u0144ski <i>Inny \u015bwiat<\/i><\/li>\n<li>Boles\u0142aw Le\u015bmian &#8211; wyb\u00f3r wierszy<\/li>\n<li>Julian Tuwim &#8211; wyb\u00f3r wierszy<\/li>\n<li>Maria Pawlikowska-Jasnorzewska &#8211; wyb\u00f3r wierszy<\/li>\n<li>Czes\u0142aw Mi\u0142osz &#8211; wyb\u00f3r wierszy<\/li>\n<li>Krzysztof Kamil Baczy\u0144ski &#8211; wyb\u00f3r wierszy<\/li>\n<li>Tadeusz R\u00f3\u017cewicz &#8211; wyb\u00f3r wierszy<\/li>\n<li>Zbigniew Herbert &#8211; wyb\u00f3r wierszy<\/li>\n<li>Miron Bia\u0142oszewski &#8211; wyb\u00f3r wierszy<\/li>\n<li>Wis\u0142awa Szymborska &#8211; wyb\u00f3r wierszy<\/li>\n<li>Stanis\u0142aw Bara\u0144czak &#8211; wyb\u00f3r wierszy<\/li>\n<li>Jan Twardowski &#8211; wyb\u00f3r wierszy<\/li>\n<li>S\u0142awomir Mro\u017cek <i>Tango<\/i><\/li>\n<li>Hanna Krall <i>Zd\u0105\u017cy\u0107 przed Panem Bogiem<\/i><\/li>\n<\/ul>\n<p><strong>Uwaga: wymagana jest tak\u017ce znajomo\u015b\u0107 kontekst\u00f3w biblijnych, antycznych i innych.<\/strong><\/p>\n<p><strong>2. literatura powszechna<\/strong><\/p>\n<ul>\n<li>Sofokles <i>Kr\u00f3l Edyp<\/i><\/li>\n<li>Horacy &#8211; wyb\u00f3r pie\u015bni<\/li>\n<li>William Szekspir <i>Makbet<\/i><\/li>\n<li>Molier <i>\u015awi\u0119toszek<\/i><\/li>\n<li>Jan Wolfgang Goethe <i>Cierpienia m\u0142odego Wertera<\/i><\/li>\n<li>Fiodor Dostojewski <i>Zbrodnia i kara<\/i><\/li>\n<li>Joseph Conrad <i>J\u0105dro ciemno\u015bci<\/i><\/li>\n<li>Albert Camus <i>D\u017cuma<\/i><\/li>\n<\/ul>\n<p><strong>na poziomie rozszerzonym<\/strong><\/p>\n<p>jak na poziomie podstawowym, a ponadto:<\/p>\n<p><strong>1. literatura polska<\/strong><\/p>\n<\/div>\n<ul>\n<li class=\"art-article\">Jan Kochanowski <i>Treny<\/i><\/li>\n<li class=\"art-article\">Juliusz S\u0142owacki <i>Kordian<\/i><\/li>\n<li class=\"art-article\">Witold Gombrowicz <i>Trans-Atlantyk<\/i><\/li>\n<li class=\"art-article\">Maria Kuncewiczowa <i>Cudzoziemka<\/i><\/li>\n<li class=\"art-article\">Stanis\u0142aw Ignacy Witkiewicz <i>Szewcy<\/i><\/li>\n<li class=\"art-article\">Jan Pawe\u0142 II <i>Pami\u0119\u0107 i to\u017csamo\u015b\u0107<\/i> (od 2009 r.)<\/li>\n<\/ul>\n<p><strong>2. literatura powszechna<\/strong><\/p>\n<ul>\n<li>Dante <i>Boska Komedia<\/i> &#8211; fragmenty Piek\u0142a<\/li>\n<li>Jan Wolfgang Goethe <i>Faust<\/i> &#8211; cz\u0119\u015b\u0107 I: fragmenty sceny w pracowni (rozmy\u015blania Fausta o sobie i swoim \u017cyciu, rozmowa z Mefistofelesem)<\/li>\n<li>Franz Kafka Proces<\/li>\n<li>Michai\u0142 Bu\u0142hakow <i>Mistrz i Ma\u0142gorzata<\/i><\/li>\n<\/ul>\n<p><strong>Uwaga: tematy na poziomie rozszerzonym b\u0119d\u0105 zobowi\u0105zywa\u0107 do analizy i interpretacji utwor\u00f3w spoza wy\u017cej wymienionych, ale utrzymanych w znanej uczniom poetyce lub konwencji.<\/strong><\/p>\n<p align=\"right\"><em>\u017ar\u00f3d\u0142o: <a href=\"http:\/\/glk.edupage.org\/text3\/\">http:\/\/glk.edupage.org\/text3\/<\/a><\/em><\/p>\n","protected":false},"excerpt":{"rendered":"<p>Podany spis lektur pochodzi ze strony www.cke.edu.pl (informatory o egzaminie maturalnym od 2008 r.). Zestaw nale\u017cy por\u00f3wna\u0107 z &#8222;Rozporz\u0105dzeniem Ministra Edukacji Narodowej z dnia 29 VII 2008 r . zmieniaj\u0105cego rozporz\u0105dzenie w sprawie podstawy&#46;&#46;&#46;<\/p>\n","protected":false},"author":1,"featured_media":0,"parent":0,"menu_order":0,"comment_status":"closed","ping_status":"closed","template":"","meta":{"footnotes":"","_links_to":"","_links_to_target":""},"class_list":["post-14","page","type-page","status-publish","hentry"],"_links":{"self":[{"href":"https:\/\/loswiebodzice.net\/webn\/index.php?rest_route=\/wp\/v2\/pages\/14","targetHints":{"allow":["GET"]}}],"collection":[{"href":"https:\/\/loswiebodzice.net\/webn\/index.php?rest_route=\/wp\/v2\/pages"}],"about":[{"href":"https:\/\/loswiebodzice.net\/webn\/index.php?rest_route=\/wp\/v2\/types\/page"}],"author":[{"embeddable":true,"href":"https:\/\/loswiebodzice.net\/webn\/index.php?rest_route=\/wp\/v2\/users\/1"}],"replies":[{"embeddable":true,"href":"https:\/\/loswiebodzice.net\/webn\/index.php?rest_route=%2Fwp%2Fv2%2Fcomments&post=14"}],"version-history":[{"count":4,"href":"https:\/\/loswiebodzice.net\/webn\/index.php?rest_route=\/wp\/v2\/pages\/14\/revisions"}],"predecessor-version":[{"id":21,"href":"https:\/\/loswiebodzice.net\/webn\/index.php?rest_route=\/wp\/v2\/pages\/14\/revisions\/21"}],"wp:attachment":[{"href":"https:\/\/loswiebodzice.net\/webn\/index.php?rest_route=%2Fwp%2Fv2%2Fmedia&parent=14"}],"curies":[{"name":"wp","href":"https:\/\/api.w.org\/{rel}","templated":true}]}}